t g(t) = -t - 1. Let u(y) = s*x(y) + 5*g(y). Give u(-6).
-7
Let o(a) be the third derivative of -a**5/60 - 5*a**4/24 + 4*a**3/3 + 151*a**2 + 3*a. Suppose 26*u = 22*u - 36. Give o(u).
-28
Let f be (-5 - (-2 + 5)) + 4. Let i be 0/f + 4 - 18. Let o(h) = -h**2 - 15*h - 16. What is o(i)?
-2
Let u(y) = y + 9. Let j = -113 - -116. Let h(z) = -z**2 + 6*z - 13. Let n be h(j). Give u(n).
5
Let o(j) = -j**2 + 5*j + 178. Let x(f) = 1034*f - 6188. Let d be x(6). Calculate o(d).
2
Let w(y) = y + 1. Let o(t) = 10*t**2 + 36. Let a(r) = o(r) - w(r). Let l(x) be the first derivative of a(x). What is l(1)?
19
Let v(a) be the second derivative of a**6/120 - a**5/30 + a**4/12 - a**3/2 + 80*a**2 + 3*a - 16. Let p(q) be the first derivative of v(q). Give p(2).
1
Let w(h) = h - 2. Let q(x) = x - 1. Let o(z) = -5*q(z) + 4*w(z). Let l = 23300 - 23296. Determine o(l).
-7
Let a(d) = d**3 + 91*d**2 + 2062*d - 97. Let l be a(-43). Let p(j) = -39 - 2*j + 0*j - j. Calculate p(l).
-6
Suppose -a = 3*h + 2*h + 29, -h + 14 = -2*a. Suppose -4*w = 3*l + 23 - 34, 5*w + 5*l - 15 = 0. Let c(v) = -11 + 1764*v + 1758*v - 3514*v + v**w. Give c(a).
-2
Let i be 14/(-12) + (-10234)/(-1428). Let j(v) = v**2 - 12*v + 21. Determine j(i).
-15
Let f(h) be the third derivative of h**7/720 - h**6/48 - 29*h**5/10 + 26*h**2. Let n(v) be the third derivative of f(v). Give n(3).
6
Let g(z) be the first derivative of z**3/3 - 2*z**2 - 46*z + 455. What is g(9)?
-1
Let m be (-796)/(1*7/(-28)). Let p(o) = 1058 + o**2 + 1064 - m + 1065 + 8*o. What is p(-5)?
-12
Suppose -199*f - 349*f + 1252 = 4540. Let q(l) = l**3 + 6*l**2 - 4*l - 28. What is q(f)?
-4
Let x(f) = -f**2 + 17*f - 14. Let h be x(16). Let g(w) = -45*w + 51*w + h*w**2 + 3 - 8. What is g(-5)?
15
Let x(q) = q**2 - 7*q + 1. Let v(f) = 3*f - 30. Let l be v(11). Suppose -5*o = -l*u + 5*u + 11, -3*o - 22 = -u. Give x(u).
1
Let o(s) be the first derivative of s**3 - 3*s**2/2 - 5*s - 7498. Determine o(0).
-5
Let i(f) = -3*f**2 - 159*f - 159. Let r be i(-52). Let m(h) = -9*h**2 + 3*h + 3. Determine m(r).
-87
Let y(u) = 7*u**3 + 15*u**2 - 17*u - 15. Let o(q) = 10*q**3 - 22 + 316*q + 23*q**2 - 164*q - 178*q. Let v(c) = -5*o(c) + 7*y(c). Calculate v(-11).
5
Let g be (-351)/81 + 2 - (-10)/(-6). Let d(f) = f**3 + 6*f**2 - 7. Determine d(g).
25
Let r = 23898 + -23894. Let k(j) be the third derivative of -1/12*j**r + 0 - 13/6*j**3 + 0*j + 24*j**2 + 1/120*j**6 + 3/20*j**5. Give k(-9).
5
Let y(i) = -17*i**3 - 4*i**2 + 8*i + 3. Let f(l) = 85*l**3 + 21*l**2 - 43*l - 16. Let d(a) = -3*f(a) - 16*y(a). Calculate d(-1).
-17
Let c(f) be the third derivative of 2*f**4/3 - 5*f**3/6 + 14*f**2 - 24. Calculate c(5).
75
Let s(f) = -10 + 6965*f**3 - 4*f - 3483*f**3 + 2*f + 4*f**2 - 3480*f**3. Determine s(-2).
-6
Let a(b) be the third derivative of 0 - 11/3*b**3 - 137*b**2 - 1/12*b**4 + 0*b. What is a(-13)?
4
Let g be (-4 - 2)*50/(-75). Let w be ((-42)/72*g)/((-2)/(-6)). Let y(q) = 2*q - 8. Calculate y(w).
-22
Let b(x) be the first derivative of -x**7/840 + x**6/180 + x**5/40 - x**4/8 + 23*x**3/3 - 117. Let p(t) be the third derivative of b(t). Calculate p(2).
3
Let n(c) = 7 - 6 + 3 + c**2 - 3 + 2*c + 31*c**3. Suppose 0 = 87*i + 75 + 12. What is n(i)?
-31
Let a(z) be the third derivative of z**4/12 - 5*z**3/2 - 7*z**2 + 5*z. Let m be 30/(-9)*(-2 + -1). Calculate a(m).
5
Suppose -7*d + 2*d + 90 = 0. Suppose 0 = 5*z + 8 - d. Let w(t) = 6*t**2 - 93*t**3 + z*t + 5 + 92*t**3 - 2*t**2 + 1. Determine w(5).
-9
Let v(g) = -10*g - 24. Suppose -82892*d + 70 = -82906*d. Calculate v(d).
26
Let a(p) = p**2 + 12*p + 15. Let x(c) = 24*c**2 - 48*c + 57. Let y(d) = 3*d**2 - 6*d + 7. Let b(s) = 4*x(s) - 33*y(s). Let z be b(3). Calculate a(z).
15
Let k = -3690 + 3692. Let x(q) = -q**3 + 6*q**2 - 5*q + 2. Determine x(k).
8
Let t(f) = 5*f**2 - 178*f + 116. Let j be t(35). Let p(m) = -m**2 + 12*m - 3. Give p(j).
8
Let i(f) = 14 + f**3 + 11*f + f + 108259*f**2 - 108247*f**2. Let x = -16 - -5. Let g be i(x). Let m(y) = -y**3 + 4*y**2 - 5*y + 2. Give m(g).
-4
Let b(o) = -o**2 + 2 + 139*o + 142*o - 428*o + 144*o + o**3. Calculate b(2).
0
Let y(v) = 2*v - 6. Let q be y(5). Let m(j) = j**2 - 7*j + 6. Let l be m(q). Let u(n) be the first derivative of n**3/3 + 5*n**2/2 - n - 19. What is u(l)?
5
Let c(l) = -3*l - 47. Let i = -8580 - -8568. Calculate c(i).
-11
Let s(f) be the first derivative of -7*f**4/24 - f**3/6 - 34*f**2 + 25. Let q(x) be the second derivative of s(x). Determine q(-1).
6
Let n(j) = -13*j**3 + 18*j**2 - 37*j - 18. Let p(k) = -5*k**3 + 6*k**2 - 12*k - 7. Let v(x) = -3*n(x) + 8*p(x). Give v(-8).
6
Let m(w) = -w**3 - w**2 - 78 + 40 + 40. Let p(n) = n**3 + 5*n**2 - 7*n - 1. Let d be p(-6). Let i be (-8)/d - (-4)/(-10). Determine m(i).
6
Suppose 3*h - 38*y = -35*y + 12, 2*h - 5*y + 7 = 0. Let d(a) = -9*a - 16. What is d(h)?
-97
Let y(j) = j**2 + 21*j + 34. Let g be y(-19). Let k(w) be the third derivative of w**5/60 + 5*w**4/24 + w**3/6 + 3*w**2 - 7*w. Give k(g).
-3
Let b(q) = q**3 + 7*q**2 - 7. Let r(k) = -k**3 - 26*k**2 - 107*k - 48. Let p be r(-21). Let w be 2 - (5 - 18/p). Determine b(w).
29
Let r(a) = -a**2 - 8*a + 8. Suppose 0 = 4*l + 384 + 180. Let q = l - -132. Give r(q).
-1
Let m(d) = -d**2 + 7*d + 7. Suppose 4*c - 464 = -12*c. Let t be c/(-58) - 19/(-2). What is m(t)?
-11
Let b(q) be the third derivative of 2*q**4/3 + 13*q**3/6 - 9*q**2 - 100. Give b(2).
45
Suppose -30*o + 3*h = -34*o - 14, -5*o = 3*h + 16. Let y(z) be the first derivative of -z**4/4 - 2*z**3/3 - z**2/2 + z + 50. Calculate y(o).
3
Let j(i) = -3*i**2 - 2*i + 1. Let k(f) = f**2 + 2*f - 3. Let g be k(-2). Let h(r) = -3*r**2 - r + 2. Let p(c) = g*h(c) + 2*j(c). What is p(3)?
20
Let l(v) be the first derivative of -v**4/12 - 2*v**3 + 127*v**2/2 + 4. Let k(z) be the second derivative of l(z). Give k(-10).
8
Let z be (6/8)/(-1) + 44/16. Let q(j) = j - 12 - z + 3*j + 16. Give q(-2).
-6
Let n(l) be the second derivative of -l**5/20 - 3*l**4/4 + 17*l**3/6 - 26*l**2 - 3282*l - 2. What is n(-11)?
3
Let t be (-345)/(-27) + 4/18. Let f(l) = 60 + 14*l - t*l - 78. Give f(0).
-18
Let j = -2 - -7. Suppose 2*m - 21 = j*m. Let v(r) = 190247*r**2 + r**3 - 2 - 380477*r**2 + 8*r + 190238*r**2. Give v(m).
-9
Let k = 16153 + -16134. Let g(b) = -b**2 + 14*b + 96. What is g(k)?
1
Let a(l) = 4*l + 17. Let g be a(0). Let o(b) = 3*b - 53. Determine o(g).
-2
Let r be 0*((-588)/(-24) + -24). Let i(y) be the first derivative of -10/3*y**3 + r*y**2 - y + 27. Give i(-1).
-11
Let r(n) = 5*n - 19. Suppose 2*b - 4*q = 4, -19*q + 15*q - 44 = 3*b. Calculate r(b).
-59
Let b(o) = 2*o + 38. Let c be (6720/768)/(5/(-8)). Determine b(c).
10
Let q(u) be the third derivative of 0*u - 59*u**2 - 1/60*u**5 - 1/2*u**3 - 1/4*u**4 + 0. Let x be (10/(-4))/(2/4). Determine q(x).
2
Let s(t) = 8*t - 9. Let m(f) = 0 + 30 - 11 - 9*f - 10. Let y(g) = 5*m(g) + 6*s(g). Let l(n) = -n**3 - 2*n**2 + n. Let r be l(-3). What is y(r)?
9
Suppose 4*v - 46 + 14 = 0, -7 = -9*c - 2*v. Let u(f) = -137*f**3 - f**2 - 2*f. What is u(c)?
138
Let v(c) be the first derivative of -4*c**3/3 - 21*c**2/2 - 4*c - 482. Calculate v(-5).
1
Suppose t + 32 = 4*k, -19 = -4*k + 3*t + 13. Let q(d) = d**2 - 6*d - 2. Determine q(k).
14
Let g(p) = -5*p. Suppose -27 = -15*r + 18. Let m be (-19)/(-2) + 12/(-24)*r. Give g(m).
-40
Let r be 8 - (6 - 24)/(-6). Let f = 18 - 11. Let i(j) = -2*j**2 - f*j - 3*j**2 + j**3 - 2*j + 8*j. Determine i(r).
-5
Let z = -1 + 0. Let t(f) be the third derivative of -f**5/60 - f**4/24 - 237*f**2 - 1. Give t(z).
0
Let i be (-6 - -1)*(-12)/(-20)*-5. Let m(f) = f**2 - 14*f - 15. Calculate m(i).
0
Let p(f) = -5*f + 4. Let c be ((-45)/15)/((-3)/32). Suppose -m - m + 5*t = c, 2*m = -5*t + 8. Calculate p(m).
34
Let t(c) = -154*c - 62. Let y(h) = -1507*h - 605. Let r(l) = -88*t(l) + 9*y(l). Determine r(-5).
66
Let n(i) be the third derivative of 1/60*i**5 - 2/3*i**3 + 0*i + 0*i**4 + 0 + 148*i**2. Calculate n(4).
12
Suppose 380*u - 259*u + 14352 = -983*u. Let w(g) = g**2 - 14*g + 15. Let r(h) = 3*h**2 - 29*h + 30. Let k(x) = -2*r(x) + 5*w(x). Give k(u).
2
Let n(g) = 3*g**2 - 7 + 0*g - 8*g + g**2 + 6*g**2 - g**3. Suppose -5*d + w = -45, -18 = -2*d - 221*w + 225*w. Give n(d).
2
Let q(x) be the second derivative of -4/3*x**3 + 1/20*x**5 - 14*x - 7/2*x**2 + 7/12*x**4 - 2. Calculate q(-8).
-7